der when 238713 is divided by 56.
41
What is the remainder when 167954 is divided by 523?
71
What is the remainder when 33192399 is divided by 74?
69
What is the remainder when 1069417 is divided by 809?
728
What is the remainder when 127980 is divided by 449?
15
What is the remainder when 1862991043 is divided by 45?
43
What is the remainder when 31793384 is divided by 1588?
36
What is the remainder when 1456616 is divided by 12?
8
What is the remainder when 1438380 is divided by 479431?
87
What is the remainder when 2095181 is divided by 75?
56
What is the remainder when 95814 is divided by 1273?
339
Calculate the remainder when 163842 is divided by 163463.
379
Calculate the remainder when 2926585 is divided by 3292.
3289
Calculate the remainder when 89094 is divided by 1642.
426
Calculate the remainder when 482325 is divided by 679.
235
What is the remainder when 54297032 is divided by 4?
0
What is the remainder when 1375267 is divided by 612?
103
What is the remainder when 585250397 is divided by 443?
439
Calculate the remainder when 18136144 is divided by 18136099.
45
Calculate the remainder when 1643478 is divided by 5589.
312
What is the remainder when 38504278 is divided by 19252135?
8
What is the remainder when 1012578 is divided by 168741?
132
Calculate the remainder when 2925925 is divided by 1486.
1477
What is the remainder when 15563311 is divided by 871?
283
What is the remainder when 742796 is divided by 223?
206
What is the remainder when 117245482 is divided by 440?
2
Calculate the remainder when 815903 is divided by 626.
225
Calculate the remainder when 20488469 is divided by 584.
581
Calculate the remainder when 4346582 is divided by 362215.
2
Calculate the remainder when 80291 is divided by 1237.
1123
What is the remainder when 146436033 is divided by 171?
12
Calculate the remainder when 49320285 is divided by 3117.
3111
Calculate the remainder when 316904 is divided by 28746.
698
Calculate the remainder when 64086 is divided by 3373.
3372
What is the remainder when 8082797 is divided by 968?
965
Calculate the remainder when 3525225 is divided by 320474.
11
What is the remainder when 254534843 is divided by 235?
233
Calculate the remainder when 34800029 is divided by 17399978.
73
What is the remainder when 244209 is divided by 1075?
184
Calculate the remainder when 122895 is divided by 61296.
303
What is the remainder when 99114749 is divided by 2308?
2305
What is the remainder when 138480277 is divided by 29?
28
What is the remainder when 152074725 is divided by 76037349?
27
Calculate the remainder when 362073 is divided by 919.
906
Calculate the remainder when 4302751 is divided by 346.
241
What is the remainder when 2079373 is divided by 11000?
373
Calculate the remainder when 754828 is divided by 36.
16
Calculate the remainder when 663126 is divided by 1462.
840
Calculate the remainder when 65512 is divided by 3107.
265
Calculate the remainder when 16135978 is divided by 465.
13
Calculate the remainder when 1359589 is divided by 907.
903
Calculate the remainder when 44014162 is divided by 95.
92
What is the remainder when 7090008 is divided by 7090?
8
Calculate the remainder when 10964724 is divided by 3654904.
12
What is the remainder when 726815 is divided by 15?
5
What is the remainder when 134041 is divided by 5579?
145
Calculate the remainder when 3962592 is divided by 207.
198
Calculate the remainder when 8542032 is divided by 2847211.
399
What is the remainder when 916116 is divided by 152685?
6
Calculate the remainder when 439502 is divided by 29296.
62
Calculate the remainder when 42988191 is divided by 4776464.
15
Calculate the remainder when 248530 is divided by 908.
646
What is the remainder when 10735801 is divided by 1789287?
79
Calculate the remainder when 595451 is divided by 2005.
1971
Calculate the remainder when 253314 is divided by 218.
216
Calculate the remainder when 1251430251 is divided by 77.
71
What is the remainder when 20584920 is divided by 387?
3
Calculate the remainder when 794157 is divided by 3309.
3306
What is the remainder when 733029 is divided by 181359?
7593
Calculate the remainder when 7650520 is divided by 83.
78
Calculate the remainder when 847446 is divided by 390.
366
Calculate the remainder when 2087314 is divided by 298158.
208
Calculate the remainder when 18671 is divided by 2107.
1815
Calculate the remainder when 3824986 is divided by 273211.
32
Calculate the remainder when 119477 is divided by 59640.
197
What is the remainder when 39829166 is divided by 41?
3
What is the remainder when 106497514 is divided by 355?
354
What is the remainder when 224376894 is divided by 61?
45
What is the remainder when 88568672 is divided by 845?
842
What is the remainder when 427538750 is divided by 213769369?
12
What is the remainder when 21093680 is divided by 527341?
40
What is the remainder when 37274571 is divided by 96?
75
Calculate the remainder when 257811 is divided by 2606.
2423
Calculate the remainder when 55841 is divided by 4629.
293
What is the remainder when 755982 is divided by 125976?
126
What is the remainder when 3227983 is divided by 246?
217
What is the remainder when 247744 is divided by 10?
4
Calculate the remainder when 634967429 is divided by 8152.
8149
Calculate the remainder when 410076110 is divided by 4372.
4370
What is the remainder when 3869468 is divided by 51?
47
What is the remainder when 161348 is divided by 77941?
5466
Calculate the remainder when 1868331 is divided by 155694.
3
What is the remainder when 776358 is divided by 395?
183
Calculate the remainder when 131929605 is divided by 12.
9
Calculate the remainder when 102689 is divided by 102629.
60
Calculate the remainder when 68424 is divided by 66380.
2044
Calculate the remainder when 4234657 is divided by 12950.
7
Calculate the remainder when 111961752 is divided by 9.
6
What is the remainder when 5658571 is divided by 904?
435
Calculate the remainder when 29577 is divided by 9440.
1257
Calculate the remainder when 162330720 is divided by 2690.
2670
What is the remainder when 118957129 is divided by 1490?
1489
Calculate the remainder when 6438077 is divided by 5343.
5105
What is the remainder when 1684232 is divided by 57?
53
Calculate the remainder when 262697 is divided by 5658.
2429
Calculate the remainder when 1242432 is divided by 19412.
64
What is the remainder when 568964 is divided by 353?
281
What is the remainder when 16778 is divided by 507?
47
What is the remainder when 352101 is divided by 984?
813
Calculate the remainder when 238153 is divided by 118965.
223
What is the remainder when 478242 is divided by 34086?
1038
What is the remainder when 178098 is divided by 44098?
1706
What is the remainder when 1878753 is divided by 2375?
128
Calculate the remainder when 3551699 is divided by 1183891.
26
Calculate the remainder when 13619198 is divided by 711.
704
What is the remainder when 92627389 is divided by 349?
346
Calculate the remainder when 2257765 is divided by 1398.
1393
Calculate the remainder when 286992 is divided by 158.
64
Calculate the remainder when 9128607 is divided by 3634.
3633
Calculate the remainder when 6220746 is divided by 3098.
3060
What is the remainder when 126246 is divided by 124876?
1370
Calculate the remainder when 1889846 is divided by 24.
14
What is the remainder when 288223197 is divided by 450?
447
Calculate the remainder when 3008358 is divided by 1316.
1298
What is the remainder when 2189976 is divided by 17?
2
What is the remainder when 280401498 is divided by 123?
120
What is the remainder when 570712 is divided by 6561?
6466
Calculate the remainder when 26023563 is divided by 102.
99
Calculate the remainder when 810430 is divided by 1369.
1351
Calculate the remainder when 370333 is divided by 82.
21
Calculate the remainder when 218093 is divided by 214902.
3191
What is the remainder when 505797 is divided by 554?
549
Calculate the remainder when 14906357 is divided by 278.
275
Calculate the remainder when 528951 is divided by 264475.
1
What is the remainder when 7110896 is divided by 667?
9
What is the remainder when 39007166 is divided by 165?
11
What is the remainder when 5720142 is divided by 13?
12
What is the remainder when 318554 is divid